ose -v = -58*s + 56*s. Is s composite?
False
Suppose -2*l = 2*r - 10, -2*l + 12 = -5*l. Let y = 11 - r. Suppose -4*a = -4*f - y*a + 334, -5*a - 405 = -5*f. Is f a composite number?
True
Suppose 16*d - 54739 = -5123. Is d prime?
False
Let c(v) = 5*v**2 - 3*v - 13. Let z(l) = l**2 - 13*l + 7. Let h(u) = -3*u**2 + 40*u - 21. Let o(a) = -2*h(a) - 7*z(a). Let w be o(11). Is c(w) composite?
True
Let s = 27 + -469. Let r = -225 - s. Is r a prime number?
False
Let g = 17762 - 9615. Is g composite?
False
Let h be 3 - (-5 - (0 - 3)). Let q(n) = 2*n**2 - 5*n + 12. Let a be q(h). Let y = a - 22. Is y prime?
False
Let y(i) be the second derivative of i**4/12 + i**3/6 + 2819*i**2/2 + 2*i. Is y(0) a prime number?
True
Let i be -1*(-1 - 8/2). Suppose 2*p - 782 = 3*u, i*p = 2*u + 1647 + 308. Is p a composite number?
True
Is (3 - 2) + 12330 + 18 prime?
False
Let d(x) = 631*x. Let p be 5/3*27/15. Is d(p) a prime number?
False
Suppose -8*r + 20169 = 4721. Is r prime?
True
Let l(x) = x**2 + 2*x. Let k be l(2). Suppose -k = -7*j + 3*j. Suppose -j*n - 26 = -168. Is n prime?
True
Let k = 10339 + -2138. Is k prime?
False
Let z = 5235 - -2203. Is z composite?
True
Let m(t) = 365*t + 1. Let z be m(1). Suppose -350 = 2*j - 5*b, 5*j - 5*b = 10*j + 875. Let o = z + j. Is o prime?
True
Let m(v) = v**3 - 8*v**3 - 3 - 4*v + 7*v. Is m(-3) prime?
False
Is 4/7 + 2221280/224 prime?
False
Let o(t) = -4*t + 2. Let a be o(-4). Is (-12)/a*4569/(-2) prime?
True
Let c = 582 - -1939. Is c a composite number?
False
Suppose 5*h + 0*l - 1863 = -3*l, 4*h + l - 1496 = 0. Suppose -4*g + 0*g = b - h, -b - g = -390. Is b a composite number?
True
Let q = 4963 - 2457. Suppose 0 = -5*s + 2*s - 4*a + 1867, 0 = -4*s - 2*a + q. Is s a prime number?
False
Is (-51751)/((6 - (6 + 0)) + -1) a composite number?
True
Is (-12)/(-21) + (-1674672)/(-112) a prime number?
False
Let b = -4165 - -9834. Is b a prime number?
True
Suppose z - 2036 = 143. Is z composite?
False
Let q = -64 + 64. Suppose -2*b - 189 = -l + 1492, -2*l - 5*b + 3326 = q. Is l composite?
True
Let j be (-3)/30 - (-701044)/40. Suppose -2*c - j = -8*c. Is c prime?
False
Let q = -1060 + 4101. Is q a prime number?
True
Suppose 32167 + 23623 = 5*z - 5*r, 5*r + 22331 = 2*z. Is z a composite number?
True
Suppose -35 - 20 = 5*x. Let c = x - -18. Suppose -h - 2*k = -c*k - 10, h + 2*k - 17 = 0. Is h prime?
False
Suppose -3*j + 315119 = 2*r, 4*j - 157567 = 3*r - 4*r. Is r prime?
False
Let s(t) = -277*t - 300. Is s(-11) composite?
True
Let x be (1*2472/(-16))/(1/10). Is (2/6)/((-5)/x) a prime number?
True
Suppose 97*m - 121*m = -1259448. Is m composite?
True
Suppose 2389 = h + 4*c, h = 2*c + c + 2361. Suppose -p + 654 = 2*a + 189, -5*p + 2*a = -h. Is p prime?
False
Is ((-75220)/(-7) - -1) + 148/518 a prime number?
False
Suppose 3 = 3*u, -2*u - 620 = -2*v - 0*u. Suppose 3*i + 906 = 3*l, l - 6*i + 2*i - v = 0. Is l a composite number?
True
Suppose -3*i = -4*i + 2. Suppose 0 = i*r - 6 + 2. Suppose -226 = -3*n + 5*g, 5*g = -2*n + r*g + 119. Is n a prime number?
True
Let a(l) = -2*l**2 + 3*l + 6. Let d be a(-4). Let b = 57 - d. Suppose -4*h = h - b. Is h a prime number?
True
Suppose -2 = -2*y - 3*c + 3, 15 = -5*y - 2*c. Let l(t) = -72*t - 7. Let r be l(y). Let a = -150 + r. Is a composite?
True
Suppose 0 = 34*p - 33*p. Suppose p = 6*q - 5*q - 5. Suppose 0 = 3*n - 5*x - 1807, 2*n - 7*n + 2985 = q*x. Is n a prime number?
True
Let f(y) = y**3 - 7. Let b be f(0). Let q = b - 9. Is (-10017)/(-12) - 4/q a prime number?
False
Let a(j) = 165*j - 5. Let d be a(-5). Let b = 77 - d. Is b prime?
True
Suppose -11 + 29 = 2*g. Suppose -g*f + 758 = -7*f. Is f a prime number?
True
Suppose -4*n + 16 = -2*b, 4*b - 5 + 21 = 0. Suppose 4*v = -2*x + 5242, -2*x - 13165 = -7*x + n*v. Is x prime?
False
Let j be (-1)/((-6609)/(-3303) + -2). Let b = -790 + -1360. Let l = j - b. Is l composite?
False
Suppose 4*h + 33 = 5*h. Suppose 4*u + 5*s - 40 = 0, 5*u = -s - s + h. Suppose 0 = u*d + d - 714. Is d composite?
True
Suppose 0 = 27*c - 21*c + 24. Is c - -25 - (-6)/(-3) composite?
False
Suppose -5*v = -5*c + 32756 + 36124, -2*c + 5*v + 27567 = 0. Is c composite?
True
Let h(z) = -9*z**3 + 8*z**2 + 2*z - 195. Is h(-14) a composite number?
False
Let b(j) be the third derivative of j**4/24 + j**3/3 - j**2. Let s be b(12). Is (1533/s)/((-1)/(-2)) prime?
False
Let i be (-2)/(-5) + (-506)/(-10). Let j = -326 + 331. Let x = i - j. Is x a prime number?
False
Let p(j) = -58*j + 115. Is p(-4) composite?
False
Let l be ((-3)/(-6))/(1/(-370)). Let y(o) = 16*o**3 + 3*o**2 + 3. Let m be y(-3). Let q = l - m. Is q a prime number?
False
Let v be -5 + 1/(2 + -3). Is (-4)/v - (-29900)/60 a prime number?
True
Let d(r) = r**2 + 2*r + 9. Let f = -21 - -12. Let n be d(f). Suppose -4*s = -348 + n. Is s a prime number?
False
Let v = -4797 - -17758. Is v a composite number?
True
Let l(u) = -u**3 + 4*u**2 - 2*u - 7. Let b be l(3). Let q be (b - 2)*9/18. Is q*(-2 + -1 + 2) prime?
True
Let a = -2146 + 8309. Is a a composite number?
False
Let s = -29 - -36. Suppose -s*i - 516 = -4030. Is i prime?
False
Let z = 86359 + -59232. Is z a prime number?
True
Let r(q) = -960*q - 7. Is r(-1) prime?
True
Let v(r) = -17154*r + 25. Is v(-1) composite?
True
Let a(h) = 0*h + 20 + 4*h - 10. Let c be a(-10). Let t = 1 - c. Is t a prime number?
True
Let t = 19 - 17. Is t*(-2)/(-8)*2*547 a composite number?
False
Suppose -5*h + 2559 = -2*h. Suppose 4*l = -311 - h. Let z = l - -440. Is z prime?
True
Let w(h) = 44*h**2 + 6*h + 19. Is w(-11) a composite number?
True
Let n = -115 + 264. Let i = 806 + n. Is i composite?
True
Is 1031414/435 + (-1)/15 a prime number?
True
Suppose 0 = -21*k + 14358 + 7524. Is k a composite number?
True
Let m be 14*(-1)/(-6)*6. Suppose -6*p + p = -25. Suppose p*a - 16 = m. Is a composite?
True
Let a(p) = -3*p - 6. Let v be a(-3). Is 6 + -5 - (-1188)/v prime?
True
Let n(u) = 3*u + 4. Let x be n(2). Suppose 10 = 4*i - x. Suppose 3*k + k + 101 = y, -i*y + 3*k = -471. Is y a prime number?
False
Suppose -2*d - 99148 = -4*w, 13*w = 11*w - 4*d + 49594. Is w composite?
True
Let o be (5/10)/(1/12). Suppose -o*b - 3670 = -11*b. Is b composite?
True
Suppose 0 = -j - 4*j + 5, 5*y - 91792 = 3*j. Suppose -8*h + y = 3*h. Is h composite?
False
Let x(s) be the first derivative of 8*s**3 + s**2 - 3*s - 5. Let k be x(2). Suppose 4*o = 411 + k. Is o a composite number?
False
Is ((-149)/(-1))/(5 - (-1034)/(-209)) prime?
False
Suppose -f + 4*v + 2833 = -v, -5*f = 2*v - 14165. Is f prime?
True
Is 442247/78 + ((-25)/(-6))/(-5) prime?
True
Let a = -3096 + 4593. Suppose a = 2*n - 257. Is n composite?
False
Let h = 6341 - -14718. Is h prime?
True
Let b = -5659 + 8312. Is b a prime number?
False
Let p = -789 - -985. Let i = -4 - -12. Is 526*(p/i)/7 composite?
True
Let j(u) = 2*u**2 + 3*u + 19. Let y be j(-12). Suppose -y = -d + a, -2*d - 1084 = -6*d + 3*a. Is d a composite number?
False
Let c(g) be the third derivative of 5*g**2 + 0 - 1/120*g**6 - 1/15*g**5 + 1/8*g**4 + 0*g - 3/2*g**3. Is c(-8) a prime number?
True
Let i = 90 + 126. Suppose -3*z + 705 + i = 0. Is z composite?
False
Let m(h) = -7*h + 2*h - h**2 - 34*h**3 - 5*h**3 + 28 + 0*h. Is m(-7) composite?
True
Suppose 2*f + f + 5*s - 3997 = 0, 2662 = 2*f + 2*s. Is f composite?
True
Let y(a) = 10404*a + 31. Is y(7) prime?
True
Is (-180474)/(-8) - 3/(-96)*-8 a prime number?
False
Suppose -18*x = 6*x - 24216. Is x composite?
False
Let d(q) = q**2 + 14*q + 7. Let i be d(20). Suppose 4*w + 2*t - 6*t - 1516 = 0, -377 = -w + 3*t. Let v = i - w. Is v prime?
True
Let w be 34671/65 - 3/(-5). Suppose 0 = 4*i - w + 82. Is i a prime number?
True
Let n = -23 - -58. Let d = 21 - n. Is 669/12*-2*d composite?
True
Let l = 155 + 366. Is l composite?
False
Let w = -100 - -56. Is 297/1 + w/11 composite?
False
Let u be 2/(-4) + (-690)/4. Let t = u + 408. Let p = -126 + t. Is p a composite number?
False
Let v = 6 - 0. Suppose -3*d + 21 = v. Is 386/2 + (d - 7) composite?
False
Suppose 2*f + 132 = -0*f. Let c = -3 - f. Is -62*(-1 - c/6) a prime number?
False
Suppose -2448 = -m - 8*m. Suppose -1675 = -4*f + w, -m + 1532 = 3*f + 3*w. Is f prime?
True
Suppose 0 = 2*b + 1 + 1. Let x(w) = -47*w**3 + w**2 + w + 1. Let c be x(b). Suppose -3*i + 21 = -c. Is i a composite number?
False
Suppose 2 = 2*k - 8. Sup